 4788154?
2, 7, 127, 2693
List the prime factors of 16678299.
3, 11, 229, 2207
What are the prime factors of 499568?
2, 31223
What are the prime factors of 7829613?
3, 11, 79087
What are the prime factors of 2071077?
3, 59, 11701
List the prime factors of 8293125.
3, 5, 4423
What are the prime factors of 6999055?
5, 7, 311, 643
List the prime factors of 238455.
3, 5, 7, 757
List the prime factors of 133977.
3, 17, 37, 71
What are the prime factors of 331110?
2, 3, 5, 13, 283
List the prime factors of 108578.
2, 233
What are the prime factors of 15328991?
19, 806789
List the prime factors of 15477036.
2, 3, 1289753
List the prime factors of 8094404.
2, 67, 30203
List the prime factors of 5124950.
2, 5, 102499
List the prime factors of 623416.
2, 149, 523
What are the prime factors of 211031?
281, 751
List the prime factors of 25811043.
3, 8603681
What are the prime factors of 20132261?
1733, 11617
List the prime factors of 8092685.
5, 1618537
List the prime factors of 1886983.
7, 17, 101, 157
List the prime factors of 701551.
41, 71, 241
List the prime factors of 798734.
2, 61, 6547
What are the prime factors of 997882?
2, 107, 4663
What are the prime factors of 8530371?
3, 947819
What are the prime factors of 119342?
2, 59671
What are the prime factors of 9148613?
9148613
List the prime factors of 15208450.
2, 5, 304169
List the prime factors of 231522.
2, 3, 47, 821
List the prime factors of 1533072.
2, 3, 19, 41
What are the prime factors of 8155526?
2, 4077763
What are the prime factors of 25083773?
11, 13, 175411
What are the prime factors of 13813084?
2, 61, 56611
What are the prime factors of 170467?
11, 15497
What are the prime factors of 99729?
3, 7, 1583
List the prime factors of 76653.
3, 17, 167
List the prime factors of 106269.
3, 35423
What are the prime factors of 614801?
11, 5081
List the prime factors of 17655280.
2, 5, 199, 1109
List the prime factors of 1201457.
53, 22669
List the prime factors of 25369509.
3, 11, 768773
List the prime factors of 11995518.
2, 3, 79, 25307
What are the prime factors of 190678?
2, 95339
List the prime factors of 12792526.
2, 1019, 6277
What are the prime factors of 1695189?
3, 17, 43, 773
What are the prime factors of 82284?
2, 3, 6857
List the prime factors of 102760.
2, 5, 7, 367
What are the prime factors of 4012577?
53, 75709
What are the prime factors of 379673?
7, 73, 743
What are the prime factors of 383100?
2, 3, 5, 1277
List the prime factors of 8924124.
2, 3, 11, 67607
What are the prime factors of 5519016?
2, 3, 17, 167
What are the prime factors of 10019428?
2, 83, 103, 293
List the prime factors of 1493197.
1493197
What are the prime factors of 15841271?
15841271
List the prime factors of 611631.
3, 839
List the prime factors of 1601907.
3, 533969
List the prime factors of 647505.
3, 5, 14389
List the prime factors of 5593735.
5, 7, 71, 2251
What are the prime factors of 361219?
361219
List the prime factors of 69566.
2, 7, 4969
List the prime factors of 170474.
2, 85237
List the prime factors of 509119.
13, 39163
What are the prime factors of 4752286?
2, 7, 11, 30859
What are the prime factors of 879000?
2, 3, 5, 293
List the prime factors of 434341.
31, 14011
List the prime factors of 2246452.
2, 13, 43201
What are the prime factors of 3734069?
29, 128761
List the prime factors of 218855.
5, 7, 13, 37
List the prime factors of 152295.
3, 5, 11, 13, 71
What are the prime factors of 6150531?
3, 2050177
List the prime factors of 222427.
347, 641
What are the prime factors of 95159?
43, 2213
List the prime factors of 874354.
2, 13, 33629
What are the prime factors of 256223?
11, 23293
List the prime factors of 3989926.
2, 359, 5557
List the prime factors of 13758849.
3, 13, 39199
List the prime factors of 80287.
80287
What are the prime factors of 1223744?
2, 19121
What are the prime factors of 2410749?
3, 11, 8117
List the prime factors of 18534066.
2, 3, 83, 37217
What are the prime factors of 4022765?
5, 804553
What are the prime factors of 504616?
2, 7, 9011
What are the prime factors of 93485?
5, 7, 2671
What are the prime factors of 24788287?
139, 178333
List the prime factors of 1145548.
2, 19, 15073
What are the prime factors of 684326?
2, 263, 1301
List the prime factors of 330233.
330233
List the prime factors of 812037.
3, 270679
What are the prime factors of 9653915?
5, 1930783
List the prime factors of 9308215.
5, 7, 23, 31, 373
What are the prime factors of 9499737?
3, 13, 243583
What are the prime factors of 5895521?
23, 137, 1871
What are the prime factors of 3156722?
2, 1578361
What are the prime factors of 925280?
2, 5, 5783
List the prime factors of 6797.
7, 971
What are the prime factors of 2160132?
2, 3, 13, 61, 227
List the prime factors of 19556533.
19556533
What are the prime factors of 605170?
2, 5, 73, 829
List the prime factors of 2649389.
73, 36293
What are the prime factors of 5111925?
3, 5, 7, 13, 107
What are the prime factors of 18685281?
3, 31, 331, 607
What are the prime factors of 191422?
2, 7, 11, 113
List the prime factors of 5193488.
2, 324593
What are the prime factors of 959678?
2, 479839
List the prime factors of 3299313.
3, 1099771
List the prime factors of 16139908.
2, 4034977
List the prime factors of 60244.
2, 15061
What are the prime factors of 2491?
47, 53
List the prime factors of 14542857.
3, 7, 673
List the prime factors of 2156515.
5, 31, 13913
What are the prime factors of 30854620?
2, 5, 1021, 1511
List the prime factors of 15720625.
5, 25153
What are the prime factors of 1377891?
3, 17011
List the prime factors of 1791816.
2, 3, 13, 5743
List the prime factors of 6680648.
2, 13, 64237
List the prime factors of 1012234.
2, 61, 8297
What are the prime factors of 4685139?
3, 520571
List the prime factors of 576833.
613, 941
What are the prime factors of 223965?
3, 5, 7, 79
List the prime factors of 608357.
608357
List the prime factors of 815019.
3, 107, 2539
List the prime factors of 513003.
3, 271, 631
What are the prime factors of 4014851?
101, 127, 313
List the prime factors of 2143416.
2, 3, 11, 23, 353
List the prime factors of 259389.
3, 13, 739
List the prime factors of 11274392.
2, 1409299
List the prime factors of 673471.
53, 97, 131
List the prime factors of 1627901.
11, 19, 7789
List the prime factors of 149105.
5, 11, 2711
What are the prime factors of 1882581?
3, 181, 3467
List the prime factors of 381557.
11, 34687
What are the prime factors of 3104965?
5, 17, 36529
What are the prime factors of 1986765?
3, 5, 11, 12041
List the prime factors of 2789919.
3, 11, 28181
List the prime factors of 1695613.
503, 3371
List the prime factors of 59794.
2, 7, 4271
What are the prime factors of 12695376?
2, 3, 264487
List the prime factors of 9448290.
2, 3, 5, 61, 1721
List the prime factors of 258790.
2, 5, 7, 3697
What are the prime factors of 254971?
254971
List the prime factors of 7346405.
5, 11, 133571
What are the prime factors of 213508?
2, 53377
What are the prime factors of 239176?
2, 7, 4271
What are the prime factors of 22701650?
2, 5, 454033
What are the prime factors of 74702?
2, 41, 911
What are the prime factors of 1238586?
2, 3, 17, 12143
What are the prime factors of 878457?
3, 292819
List the prime factors of 3834146.
2, 17, 23, 4903
What are the prime factors of 1118440?
2, 5, 27961
What are the prime factors of 11105215?
5, 11, 19, 10627
What are the prime factors of 783078?
2, 3, 130513
What are the prime factors of 7726978?
2, 7, 551927
List the prime factors of 16226126.
2, 7, 17, 79, 863
List the prime factors of 14283720.
2, 3, 5, 11, 3607
List the prime factors of 673729.
7, 109, 883
List the prime factors of 2289414.
2, 3, 381569
What are the prime factors of 494496?
2, 3, 17, 101
List the prime factors of 3822297.
3, 17, 149, 503
What are the prime factors of 674765?
5, 7, 13, 1483
What are the prime factors of 2131166?
2, 43, 24781
What are the prime factors of 4373682?
2, 3, 728947
List the prime factors of 969357.
3, 17, 83, 229
What are the prime factors of 2661133?
31, 85843
What are the prime factors of 3016376?
2, 11, 151, 227
List the prime factors of 8873367.
3, 71, 41659
List the prime factors of 3702618.
2, 3, 68567
List the prime factors of 2618325.
3, 5, 431
What are the prime factor